(-293)?
113
Let a(t) = -1504*t + 1988299. What is a(1322)?
11
Let b(t) = -t**2 - 304*t - 19992. What is b(-206)?
196
Let m(i) = 14940*i - 433244. Give m(29).
16
Let s(v) = 3*v**3 - 256*v**2 - 119*v - 4553. Calculate s(86).
5
Let q(r) = -35*r**2 - 378*r + 1011. What is q(-13)?
10
Let b(s) = -953819*s + 6676739. Determine b(7).
6
Let d(n) = -12375*n - 284617. Give d(-23).
8
Let d(z) = 3484*z - 303275. Calculate d(87).
-167
Let j(o) = 3096*o - 145490. Determine j(47).
22
Let m(q) = -5048*q - 954093. Give m(-189).
-21
Let m(u) = -3*u**3 - 15*u**2 + 6*u + 46. Calculate m(-7).
298
Let i(j) = 14*j**2 + 810*j - 3377. Give i(4).
87
Let z(f) = 1081*f + 11817. Determine z(-11).
-74
Let x(s) = -10*s**2 - 3077*s - 88228. What is x(-32)?
-4
Let z(v) = -17*v**2 + 17575*v + 20699. Calculate z(1035).
-1
Let z(h) = -5*h**3 - 334*h**2 + 66*h + 224. Calculate z(-67).
291
Let j(s) = 5483*s - 235764. Determine j(43).
5
Let m(s) = 6*s**3 + 489*s**2 + 2925*s + 16. Calculate m(-75).
16
Let l(b) = 4*b**2 + 147*b + 1056. Calculate l(-6).
318
Let k(j) = -45028*j + 810504. What is k(18)?
0
Let r(n) = 1618*n**2 + 14567*n + 44. What is r(-9)?
-1
Let i(v) = -28*v**3 + 2*v**2 - 37*v - 89. Calculate i(-3).
796
Let n(i) = -57*i**2 + 250*i - 912. Calculate n(4).
-824
Let v(m) = 567*m - 49918. Give v(88).
-22
Let h(r) = -119*r - 9521. What is h(-83)?
356
Let v(p) = 59939*p + 359412. Calculate v(-6).
-222
Let x(q) = -1995*q**2 + 5983*q + 7. Give x(3).
1
Let a(l) = -4*l**2 + 30*l + 4649. Determine a(38).
13
Let l(k) = k**3 + 37*k**2 + 106*k - 4673. Give l(-26).
7
Let f(v) = -2*v**2 + 22782*v - 817551. What is f(36)?
9
Let b(t) = -5*t**2 + 569*t - 9639. Calculate b(22).
459
Let n(v) = 305*v**2 + 252245*v + 8265. Give n(-827).
-5
Let d(h) = 35656*h + 35645. Determine d(-1).
-11
Let s(y) = -3*y**3 - 6*y**2 + 178*y + 413. Determine s(-7).
-98
Let v(g) = -g**3 - 9*g**2 - 2735*g + 14005. What is v(5)?
-20
Let v(g) = -g**3 - 108*g**2 - 300*g + 1572. Give v(-105).
-3
Let a(r) = 3*r**3 + 89*r**2 + 632*r - 222. What is a(-13)?
12
Let c(k) = -317*k + 73198. What is c(231)?
-29
Let w(j) = 80*j**2 + 6805*j + 471. Calculate w(-85).
46
Let w(p) = 4*p**3 + 4*p**2 + 338*p - 2149. What is w(6)?
887
Let s(z) = 64*z - 5179. Determine s(92).
709
Let c(t) = -6*t**3 - 9134*t**2 + 6158*t + 100530. Determine c(-1523).
12
Let s(b) = -b**3 - 41*b**2 + 263*b + 14319. What is s(-38)?
-7
Let v(y) = y**3 - 49*y**2 - 200*y - 3528. What is v(54)?
252
Let l(n) = -3*n**3 + 4*n**2 + 85*n + 259. Calculate l(7).
21
Let w(n) = n**3 + 3*n**2 - 42*n - 135. What is w(0)?
-135
Let z(s) = s**3 - 11*s**2 + 245*s - 3519. Calculate z(13).
4
Let b(s) = -s**3 + 17*s**2 - 40*s + 177. Determine b(16).
-207
Let s(j) = 5*j**3 - 568*j**2 - 698*j + 53579. Give s(114).
-1
Let k(v) = 373*v**3 - 12701*v**2 + 639*v + 217. Give k(34).
-21
Let b(c) = -c**2 - 879*c - 103866. Calculate b(-137).
-2212
Let a(i) = 4386*i - 114090. Give a(26).
-54
Let d(i) = -i**3 + 22*i**2 + 17568*i - 3. What is d(144)?
-3
Let n(i) = -13978*i + 1593450. Calculate n(114).
-42
Let h(p) = 4*p**3 - 45*p**2 + 2*p - 1184. What is h(13)?
25
Let w(z) = 8*z**3 - 118*z**2 - 3*z - 98. Calculate w(15).
307
Let l(m) = -1212*m**2 + 81*m + 83. Determine l(-1).
-1210
Let b(v) = -1504*v - 989636. Calculate b(-658).
-4
Let m(k) = 348*k + 8203. Calculate m(-24).
-149
Let b(w) = 750*w - 9859. Give b(18).
3641
Let l(j) = 8*j**3 - 3803*j**2 + 1431*j - 2843. What is l(475)?
7
Let w(i) = 6268*i + 1096886. Determine w(-175).
-14
Let h(n) = -1296*n + 24455. Determine h(19).
-169
Let w(x) = 9*x**3 + 511*x**2 - 38*x + 4241. What is w(-57)?
-91
Let y(m) = 805582*m - 67668878. Determine y(84).
10
Let m(j) = -20*j**2 + 10520*j + 31741. Give m(-3).
1
Let w(c) = 98*c**2 + 22831*c - 703. Calculate w(-233).
-4
Let u(d) = 36*d**2 + 6*d - 8. What is u(-1)?
22
Let g(l) = -l**3 + 22*l**2 + 1465*l - 32613. Determine g(23).
553
Let p(u) = 71*u**2 + 594*u + 249. Determine p(-8).
41
Let s(c) = -2*c**3 + 3*c**2 + 57*c - 385. Calculate s(7).
-525
Let c(b) = -59653*b - 835141. Determine c(-14).
1
Let r(s) = 122*s**3 + 3778*s**2 - 152*s - 859. Determine r(-31).
9
Let d(p) = p**2 - 33258*p - 1365254. What is d(-41)?
5
Let g(a) = -47262*a + 330746. Determine g(7).
-88
Let w(h) = 12808*h**2 + 4188216*h - 2. Give w(-327).
-2
Let s(b) = -b**3 - 151*b**2 - 743*b + 1045. Give s(-146).
2943
Let m(v) = -3*v**3 - 1646*v**2 - 256*v - 441951. What is m(-549)?
-6
Let h(f) = -3*f**3 + 24*f**2 + 27*f - 343. What is h(7)?
-7
Let c(i) = 9*i**3 + 26*i**2 - 11*i - 59. What is c(-6)?
-1001
Let m(z) = -18274*z**2 + 127921*z - 19. Determine m(7).
2
Let q(t) = 47700*t - 524704. Give q(11).
-4
Let j(h) = h**3 + 268*h**2 + 276*h + 2196. What is j(-267)?
-207
Let y(l) = l**3 - 35*l**2 - 4323*l - 5413. Calculate y(86).
5
Let c(f) = 11*f - 491. What is c(-2)?
-513
Let y(j) = -205432*j - 616317. Give y(-3).
-21
Let x(t) = -t**2 - 39*t - 109. Determine x(-48).
-541
Let o(c) = 3066*c - 30252. Calculate o(9).
-2658
Let g(i) = 178*i + 642. Determine g(-10).
-1138
Let w(m) = 1276*m + 15683. Calculate w(-12).
371
Let f(b) = -3412*b + 35189. What is f(10)?
1069
Let k(f) = -f**3 + 151*f**2 + 56484*f + 21448. What is k(325)?
-2
Let u(z) = -20*z**2 - 1157*z + 2299. Calculate u(2).
-95
Let a(v) = -v**2 - 241*v - 4175. What is a(-19)?
43
Let l(n) = 80*n - 6222. Give l(90).
978
Let u(h) = -8*h**3 - 130*h**2 - 671*h - 1374. What is u(-9)?
-33
Let y(t) = 105*t**2 + 78*t - 81. Give y(1).
102
Let h(d) = d**2 - 3656*d - 44049. Give h(-12).
-33
Let g(f) = -5117*f**2 - 20436*f + 136. What is g(-4)?
8
Let y(m) = 7*m**2 - 39*m - 817. Determine y(14).
9
Let s(t) = 2460*t + 30076. What is s(-12)?
556
Let n(i) = -738*i + 7831. Give n(12).
-1025
Let c(d) = 5*d**2 - 3297*d + 6600. What is c(2)?
26
Let q(c) = 2*c**3 - 22*c**2 + 33*c - 86. Calculate q(9).
-113
Let f(q) = 31*q**2 - 3466*q - 7710. Determine f(114).
42
Let z(d) = -44323*d - 1063764. Determine z(-24).
-12
Let z(h) = 3*h**3 + 237*h**2 + 873*h + 68977. Determine z(-79).
10
Let a(f) = 762*f + 112753. Determine a(-148).
-23
Let r(u) = u**2 + 16033*u + 1276230. Give r(-80).
-10
Let q(x) = -231*x - 3022. What is q(-15)?
443
Let l(c) = 1887*c - 34538. Calculate l(19).
1315
Let h(f) = -f**3 + 68*f**2 + 41*f + 5241. Calculate h(70).
-1689
Let x(h) = 112614*h + 562931. Determine x(-5).
-139
Let v(f) = 1179*f - 9602. Determine v(8).
-170
Let k(g) = g**3 + 28*g**2 - 69*g - 1166. Calculate k(-30).
-896
Let l(z) = 3*z**3 - 230*z**2 + 382*z + 25. Determine l(75).
550
Let q(b) = 7*b**3 + 57*b**2 - 59*b - 66. Give q(-9).
-21
Let q(b) = -155*b - 11004. What is q(-71)?
1
Let u(s) = -s**3 - 29*s**2 - 213*s - 138. Give u(-17).
15
Let y(v) = -v**3 - 184*v**2 - 8262*v + 629. Calculate y(-106).
-7
Let n(o) = -35*o**2 - 20533*o + 41061. Give n(2).
-145
Let j(l) = 5*l**2 - 83*l + 49. Give j(14).
-133
Let h(f) = 545*f - 10429. Determine h(19).
-74
Let x(h) = -2*h**2 + 7910*h + 87272. Calculate x(-11).
20
Let s(w) = -5*w**3 - 152*w**2 - 216*w - 4630. Give s(-30).
50
Let j(o) = 14*o**2 - 724*o + 3684. Calculate j(5).
414
Let a(f) = -f**2 + 325*f - 12822. Give a(46).
12
Let q(d) = -13774*d + 220380. Determine q(16).
-4
Let c(f) = 192*f**2 + 31870*f - 336. Give c(-166).
-4
Let s(u) = -59*u**2 - 254*u - 8. Calculate s(-6).
-608
Let t(o) = 3363*o - 679248. Calculate t(202).
78
Let k(u) = -25031*u - 3404261. Give k(-136).
-45
Let k(o) = -118*o - 1296. Determine k(-12).
120
Let q(t) = 10*t**3 + 41*t**2 + 20*t + 98. Calculate q(-5).
-227
Let u(t) = -t**3 - 83*t**2 - 1592*t - 246. Give u(-53).
-140
Let a(q) = -8*q**2 - 112*q + 671. What is a(6)?
-289
Let b(d) = -31732*d + 729833. Calculate b(23).
-3
Let v(z) = -2141*z + 115608. Give v(54).
-6
Let u(h) = 2*h**3 + 35*h**2 - 295*h - 2135. Calculate u(-22).
-1
Let p(z) = 5*z**2 - 14983*z + 605953. What is p(41)?
55
Let v(h) = 31*h**3 + 52*h**2 + 4*h - 23. Determine v(3).
1294
Let z(s) = -3*s**2 + 1269*s + 9058. Give z(-7).
28
Let z(s) = 23*s**2 + 2548*s + 30748. What is z(-97)?
-1
Let s(f) = -2493*f - 628178. Determine s(-252).
58
Let c(j) = -500*j - 24110. Give c(-48).
-110
Let i(u) = -6*u**3 - 74*u**2 - 2364*u - 25033. What is i(-11)?
3
Let b(c) = 3*c**2 + 363*c + 573. Determine b(-123).
1311
Let i(k) = 7684*k + 39910. What is i(-5)?
1490
Let p(b) = b**3 + 3*b**2 + 531*b - 2977. Calcula